 remainder when y is divided by (2 - (-14)/(-8))*20.
3
Let f(p) = -p**3 - p**2 + p + 86. Let c be f(0). Let b = c + -76. Suppose -2*x + b = -8. Calculate the remainder when 22 is divided by x.
4
Suppose 21*k - 26*k + 11*f = -373, -12 = 4*f. Calculate the remainder when 259 is divided by k.
55
Let u(j) = -28*j - 97. Suppose -798 = -29*r + 855. What is the remainder when r is divided by u(-4)?
12
Let q(v) = -70*v - 538. Suppose -6 = -2*w + 4. What is the remainder when q(-9) is divided by w?
2
Suppose -165746 - 40009 = -87*w. What is the remainder when w is divided by 9?
7
Suppose -1090*x + 2*l - 572 = -1095*x, -118 = -x - l. What is the remainder when 320 is divided by x?
96
Suppose -18*k = -32*k - 9422. Let j = 813 + k. What is the remainder when j is divided by 3?
2
Let p(x) = -52*x + 22. Let h be p(9). Let f = 461 + h. Calculate the remainder when 254 is divided by f.
14
Let x(v) = -v**2 - 1 + 9*v - 14 - 31*v - 6. Let u be x(-21). Suppose -2*l = -42 - u. Calculate the remainder when 75 is divided by l.
12
Calculate the remainder when -1 - (2 + -1 + -41) is divided by -4 + (-23 + 7 - -16) + 7.
0
Let j(v) = -2*v + 4. Let z be j(6). Let u = z - -25. Let w(l) = 2*l**3 + 81*l**2 + 37*l - 79. What is the remainder when w(-40) is divided by u?
7
Let n(v) = -5*v + 128. Let r be n(24). Suppose r*i + 100 = 340. Calculate the remainder when 88 is divided by i.
28
Suppose -50130 = -375*n + 186*n + 187*n. Calculate the remainder when n is divided by 166.
165
Let u = 159 - -18. Suppose 24 = u*x - 173*x. Suppose x*k + 15 - 21 = 0. Calculate the remainder when k is divided by 1.
0
Let a = 34 + -63. Let v = -25 - a. Suppose -2*d + 82 = 3*l - 2*l, d - 41 = v*l. What is the remainder when d is divided by 11?
8
Let f be (-22)/2 + 0 + 7. Calculate the remainder when 230 is divided by 63/f*9/((-81)/12).
20
Let x(u) = u**3 + 48*u**2 + 138*u + 198. What is the remainder when 810 is divided by x(-45)?
54
Suppose 1439 - 137 = m. Let a(t) = t**2 + 14*t - 498. Calculate the remainder when m is divided by a(-31).
26
Let w = 448 + -752. Let n = w - -364. Calculate the remainder when n is divided by 25.
10
Let m = -2499 - -2508. What is the remainder when 105 + (2 - 1 - 0) is divided by m?
7
Suppose -5*k + 5*i = -0*k - 55, -i = 5*k - 73. Suppose u + 5*j + k = 3*j, 0 = -j - 4. Calculate the remainder when 13 is divided by -1*8/u*(-11 + 14).
1
Let m(x) = -2*x**2 - 21*x - 4. Suppose -n - 8*y - 11 = -7*y, -47 = 5*n - 3*y. Calculate the remainder when 136 is divided by m(n).
4
Suppose -q + 117 = -4*v + 1256, -5*q = -3*v + 833. Calculate the remainder when v is divided by 210.
76
Let b(j) = j**2 - 22*j + 7. Let m be b(23). Suppose -2*d = -36 + m. What is the remainder when 38 is divided by -1*(-10 - (0 + d))?
12
Suppose -2*s - 6 = d - 2*d, 5*s = -5. Suppose 0*l + 3*x = -2*l + 49, -d*l = -2*x - 122. Suppose 5 + l = a. Calculate the remainder when 101 is divided by a.
33
Let p(y) = 2*y + 32. Let s be p(15). Suppose 82*r + s = 84*r. Calculate the remainder when r is divided by 19.
12
Let g = -8 + 13. Let r be (-9405)/95*(-2)/3. Suppose i + 4*m = 13, g*i + 3*m + r = 216. Calculate the remainder when 64 is divided by i.
31
Let g = 138 + -95. Suppose -13 = 5*c - 48. Suppose -c*p - 13 = -174. What is the remainder when g is divided by p?
20
Let y = 33 - 23. Let k be 76/y + (-3)/5. What is the remainder when ((-124)/10)/(k/(-35)) is divided by 22?
18
Suppose 42 + 33 = 5*w. Let s be 2/13 - (-23124)/611. Calculate the remainder when ((-1197)/s)/(-3 - 27/(-12)) is divided by w.
12
Suppose -2*b + 26 = -2*k, -b + k = 2*b - 37. Suppose -275 = 7*s - b*s. Let t = s - 45. Calculate the remainder when 39 is divided by t.
9
Let t(i) = 15*i**2 - 156*i - 85. What is the remainder when 3790 is divided by t(11)?
10
Let i(j) = -12*j**3 + 4*j**2 - 27*j - 61. What is the remainder when 1887 is divided by i(-2)?
102
Let f = -5717 + 6171. Calculate the remainder when f is divided by 248.
206
Let y(z) = z**2 - 11*z - 40. Let l(p) = -p**2 + p. Let m(c) = -2*c - 1. Let k(i) = -3*l(i) - 2*m(i). What is the remainder when y(17) is divided by k(2)?
14
Let l = 1647 - 1483. Calculate the remainder when 191 is divided by l.
27
Let n = 1987 + -1670. Calculate the remainder when n is divided by 76.
13
Suppose -f - 2024 + 2100 = 4*s, 304 = 4*f - 3*s. Calculate the remainder when 266 is divided by f.
38
Suppose 2506 = 3*p + 101*m - 102*m, 4*p - 3341 = m. What is the remainder when p is divided by 275?
10
Let k = -54 - -48. Let d be ((-10)/15)/2 + (-272)/k. Suppose 5*h + 0*u - d = 5*u, 0 = -5*h - 3*u + 29. Calculate the remainder when 26 is divided by h.
5
Suppose -26*n = -28*n + 6, 0 = -2*l - 5*n + 69. Suppose 14 = 4*c - 2*q, 15 = q + 2*q. Suppose c*y = 45 - l. Calculate the remainder when 9 is divided by y.
0
Suppose 0 = -397*i + 399*i - 3*a - 2966, 4*a + 2966 = 2*i. What is the remainder when i is divided by 242?
31
Let n(o) = 119 + 138 - 2*o - 66. Let y = 104 + -63. What is the remainder when n(15) is divided by y?
38
Let j(d) = 1481*d**2 + 274*d + 819. What is the remainder when j(-3) is divided by 136?
134
Suppose 2390 = 4*c - 3*b, c + 159 = -b + 753. Suppose -18*y - 218 = -c. What is the remainder when y is divided by 14?
7
Let r = -1466 + 2221. What is the remainder when r is divided by (12/10)/((-34)/(-1785))?
62
Suppose 108*m - 123*m = -1665. Calculate the remainder when 2219 is divided by m.
110
Suppose -11 - 139 = 3*t. Let w = t + 66. What is the remainder when 77 is divided by (-11)/((-22)/w) + (-1 - -3)?
7
Let g(w) = -42*w + 7. Let r be g(-5). Suppose 10*u - 3*c + 531 = 14*u, -3 = c. Suppose r = 8*y - u. What is the remainder when 85 is divided by y?
41
Let q(j) = j**3 - 6*j + 9 + 3*j**2 - 9*j**2 - 2. Let z(v) = -305*v - 24973. Calculate the remainder when z(-82) is divided by q(7).
9
Let s(a) = -a**3 + 10*a**2 - 12*a + 6. Let g be s(9). Let n = 29 + g. What is the remainder when (-8874)/(-136) - ((-18)/n)/3 is divided by 17?
15
Suppose 2*p = 4*y - 686, 3*y + 24*p - 511 = 29*p. Suppose 3*r + 110 = 632. Suppose -d = 2*d - r. Calculate the remainder when y is divided by d.
56
Let z(x) = -2*x**3 - 5*x - 2. Suppose t = -4, 3*s - 40*t - 1022 = -35*t. What is the remainder when s is divided by z(-3)?
66
Let f be 1916/12 - (10/(-3) - -4). Let n = f - 151. Calculate the remainder when 111 is divided by n.
7
Suppose -138 = -4*l - 2*h, 0 = -2*l - 3*h + 32 + 27. Calculate the remainder when (1 - (-1083)/15)/((-4)/(-10)) is divided by l.
35
Let c = -1 + 3. What is the remainder when 9 is divided by 1 - (-23)/4 - c/(-8)?
2
Let q(g) = 298*g + 851. What is the remainder when q(4) is divided by 129?
108
Let r = -53 + 62. Suppose -48 = -r*s + 3*s. Suppose -s*p = -3*p - 80. Calculate the remainder when 27 is divided by p.
11
Suppose -44 - 484 = -24*d. What is the remainder when 564 is divided by d?
14
Let i(n) = 486*n + 5855. Suppose -16 + 221 = 5*u. Calculate the remainder when u is divided by i(-12).
18
Let w = 8914 - 8741. Calculate the remainder when w is divided by 130.
43
Let u(j) = j**3 - 6*j**2 + 4*j + 8. Let f be u(5). Let y = 18 + f. Let h = -25 - -107. What is the remainder when h is divided by y?
19
Let d = -2 + 5. Let g be (-12)/(-54)*9 + 9*1. What is the remainder when d is divided by (-11)/(g/6) + 9?
0
Suppose -9*c = -c - 6*c - 68. Calculate the remainder when 342 is divided by c.
2
Let x(n) = -5*n - 70 + 43 - 102. Let u(d) = -d**2 + 9*d - 5. Calculate the remainder when x(-34) is divided by u(5).
11
What is the remainder when (-1)/(-2)*(-7 - ((-5 - 665) + 7)) is divided by 308?
20
Suppose g = 5*v - 0*g - 260, 312 = 6*v - 2*g. What is the remainder when 1400 is divided by v?
48
Suppose -23*r = -19*r. Suppose -5*f + 204 + 241 = r. What is the remainder when f is divided by 15?
14
Suppose 0 = 5*h + 89*v - 85*v - 985, -583 = -3*h - 4*v. Let m(u) = 4*u**3 - 3*u + 3. Let i = 4 + -2. Calculate the remainder when h is divided by m(i).
27
Suppose 2*u = 4*q - 32448, -167*u + 171*u - 24 = 0. What is the remainder when q is divided by 66?
63
Suppose -3*r + 25 = 4*d - 18, d + 2*r - 7 = 0. Suppose -16*l = -5*l + 572. Let y = 76 + l. Calculate the remainder when y is divided by d.
11
Let c(q) = -955*q - 4751. Calculate the remainder when 1621 is divided by c(-5).
13
Suppose -5*z - 17 = -72. Let t(v) = -59*v + 50. Let